divided by 8352?
395
What is the remainder when 1228243 is divided by 31?
23
Calculate the remainder when 108371 is divided by 8333.
42
What is the remainder when 2179398 is divided by 11291?
235
Calculate the remainder when 107362 is divided by 5021.
1921
Calculate the remainder when 475195 is divided by 765.
130
What is the remainder when 42120935 is divided by 120?
95
Calculate the remainder when 4316717 is divided by 53.
26
What is the remainder when 22250700 is divided by 28?
24
What is the remainder when 13232135 is divided by 5?
0
Calculate the remainder when 857789762 is divided by 4419.
4415
What is the remainder when 8247337 is divided by 363?
340
Calculate the remainder when 1877702 is divided by 1875606.
2096
What is the remainder when 4732441 is divided by 6178?
93
What is the remainder when 22874099 is divided by 42438?
17
What is the remainder when 118939 is divided by 16930?
429
What is the remainder when 157813 is divided by 532?
341
What is the remainder when 7510456 is divided by 4138?
4124
Calculate the remainder when 664558 is divided by 8109.
7729
What is the remainder when 22354584 is divided by 186?
174
Calculate the remainder when 11765838 is divided by 1680831.
21
What is the remainder when 504329 is divided by 10962?
77
What is the remainder when 95413 is divided by 30352?
4357
Calculate the remainder when 1618110 is divided by 30520.
550
What is the remainder when 4689046 is divided by 31470?
16
Calculate the remainder when 1303554 is divided by 1283.
26
What is the remainder when 531827 is divided by 31283?
16
Calculate the remainder when 556244 is divided by 185357.
173
Calculate the remainder when 1607304 is divided by 35.
34
Calculate the remainder when 532277 is divided by 1455.
1202
What is the remainder when 7868066 is divided by 210?
206
Calculate the remainder when 53143 is divided by 6205.
3503
What is the remainder when 18280255 is divided by 2652?
19
What is the remainder when 167764 is divided by 5990?
44
What is the remainder when 11828755 is divided by 1538?
1535
Calculate the remainder when 6140813 is divided by 451.
448
What is the remainder when 3015101 is divided by 753775?
1
Calculate the remainder when 23609045 is divided by 223.
35
Calculate the remainder when 181269 is divided by 1927.
131
What is the remainder when 1893515 is divided by 315?
50
Calculate the remainder when 3846335 is divided by 85474.
5
Calculate the remainder when 1062368 is divided by 2493.
350
Calculate the remainder when 8991 is divided by 1391.
645
What is the remainder when 9106036 is divided by 102315?
1
Calculate the remainder when 189725804 is divided by 4124474.
0
Calculate the remainder when 5722613 is divided by 37898.
15
What is the remainder when 13511590 is divided by 1039353?
1
What is the remainder when 45356870 is divided by 22678431?
8
What is the remainder when 4123621 is divided by 41652?
73
Calculate the remainder when 46762 is divided by 2766.
2506
What is the remainder when 475731 is divided by 89?
26
Calculate the remainder when 34938 is divided by 2572.
1502
What is the remainder when 150353 is divided by 348?
17
What is the remainder when 132876 is divided by 645?
6
What is the remainder when 15250177 is divided by 575?
27
Calculate the remainder when 755914 is divided by 50388.
94
What is the remainder when 2319324 is divided by 2606?
2590
Calculate the remainder when 11087 is divided by 3672.
71
What is the remainder when 1045269 is divided by 9089?
34
What is the remainder when 802159 is divided by 547?
257
Calculate the remainder when 16104777 is divided by 570.
567
Calculate the remainder when 2009480 is divided by 1316.
1264
Calculate the remainder when 1191700 is divided by 94.
62
What is the remainder when 1879067 is divided by 1879050?
17
Calculate the remainder when 136800 is divided by 957.
906
What is the remainder when 128940084 is divided by 13275?
9
Calculate the remainder when 5617414 is divided by 951.
808
Calculate the remainder when 852955 is divided by 10034.
65
Calculate the remainder when 531475 is divided by 1899.
1654
Calculate the remainder when 89286191 is divided by 2214.
2213
Calculate the remainder when 126357 is divided by 736.
501
Calculate the remainder when 1577667 is divided by 34.
33
What is the remainder when 1086192 is divided by 77584?
16
What is the remainder when 308946 is divided by 718?
206
What is the remainder when 48245 is divided by 184?
37
What is the remainder when 19503046 is divided by 19503036?
10
Calculate the remainder when 1591127 is divided by 2952.
2951
What is the remainder when 194764 is divided by 194727?
37
Calculate the remainder when 8725379 is divided by 124.
119
What is the remainder when 12226024 is divided by 1157?
5
Calculate the remainder when 2700189 is divided by 3994.
245
Calculate the remainder when 17883669 is divided by 13.
11
Calculate the remainder when 2491288 is divided by 1245643.
2
What is the remainder when 55491711 is divided by 2368?
2367
Calculate the remainder when 470559 is divided by 94059.
264
Calculate the remainder when 99795 is divided by 3016.
267
Calculate the remainder when 251338331 is divided by 2678.
2675
Calculate the remainder when 162356 is divided by 40050.
2156
What is the remainder when 92979 is divided by 628?
35
What is the remainder when 5115175 is divided by 124760?
15
Calculate the remainder when 16517158 is divided by 627.
97
Calculate the remainder when 99290 is divided by 98777.
513
What is the remainder when 3262146 is divided by 3509?
2285
Calculate the remainder when 1688192 is divided by 100.
92
What is the remainder when 214805 is divided by 310?
285
What is the remainder when 5892130 is divided by 16187?
62
Calculate the remainder when 1483515 is divided by 243.
0
What is the remainder when 20149 is divided by 93?
61
What is the remainder when 5352620 is divided by 14786?
88
Calculate the remainder when 707456 is divided by 1634.
1568
Calculate the remainder when 19662 is divided by 661.
493
Calculate the remainder when 387279 is divided by 14885.
269
Calculate the remainder when 211025 is divided by 5027.
4918
What is the remainder when 18726 is divided by 4676?
22
Calculate the remainder when 10708629 is divided by 3823.
406
What is the remainder when 9619 is divided by 7066?
2553
Calculate the remainder when 450800 is divided by 5065.
15
What is the remainder when 46496 is divided by 172?
56
What is the remainder when 276547 is divided by 1263?
1213
What is the remainder when 25355830 is divided by 1166?
1160
What is the remainder when 1266621 is divided by 3?
0
What is the remainder when 47699 is divided by 1290?
1259
Calculate the remainder when 1031019 is divided by 171790.
279
Calculate the remainder when 60591 is divided by 4326.
27
Calculate the remainder when 242524 is divided by 4405.
249
What is the remainder when 88484894 is divided by 297?
278
What is the remainder when 69354 is divided by 11214?
2070
Calculate the remainder when 9530868 is divided by 230.
128
Calculate the remainder when 10187385 is divided by 9104.
9
Calculate the remainder when 371825 is divided by 30950.
425
Calculate the remainder when 9659 is divided by 3549.
2561
What is the remainder when 1115190 is divided by 371214?
1548
Calculate the remainder when 10440560 is divided by 139.
131
What is the remainder when 9419951 is divided by 5319?
2
Calculate the remainder when 6443248 is divided by 54.
22
Calculate the remainder when 141541 is divided by 1170.
1141
What is the remainder when 18430715 is divided by 682613?
164
Calculate the remainder when 17261983 is divided by 14.
11
Calculate the remainder when 1346351 is divided by 2230.
1661
What is the remainder when 189813 is divided by 47173?
1121
What is the remainder when 162062 is divided by 39922?
2374
What is the remainder when 219349 is divided by 227?
67
What is the remainder when 3874476 is divided by 7?
4
Calculate the remainder when 94154 is divided by 56.
18
Calculate the remainder when 537367 is divided by 293.
5
Calculate the remainder when 17050761 is divided by 112.
105
What is the remainder when 699837 is divided by 6?
3
What is the remainder when 1555174 is divided by 518045?
1039
What is the remainder when 3948975 is divided by